t of 14584?
5
What is the units digit of 1377?
7
What is the tens digit of 396?
9
What is the hundreds digit of 13005?
0
What is the hundreds digit of 2851?
8
What is the tens digit of 2375?
7
What is the tens digit of 9496?
9
What is the hundreds digit of 35283?
2
What is the tens digit of 1379?
7
What is the units digit of 1908?
8
What is the hundreds digit of 27973?
9
What is the tens digit of 424?
2
What is the units digit of 3619?
9
What is the thousands digit of 3431?
3
What is the hundreds digit of 889?
8
What is the tens digit of 20591?
9
What is the tens digit of 826?
2
What is the thousands digit of 1751?
1
What is the units digit of 1741?
1
What is the tens digit of 2568?
6
What is the units digit of 12?
2
What is the tens digit of 644?
4
What is the units digit of 630?
0
What is the hundreds digit of 30533?
5
What is the thousands digit of 1172?
1
What is the units digit of 8123?
3
What is the thousands digit of 8275?
8
What is the units digit of 9784?
4
What is the units digit of 20?
0
What is the tens digit of 1298?
9
What is the tens digit of 80?
8
What is the tens digit of 2732?
3
What is the units digit of 125274?
4
What is the hundred thousands digit of 106035?
1
What is the thousands digit of 7042?
7
What is the thousands digit of 4988?
4
What is the tens digit of 24872?
7
What is the tens digit of 19083?
8
What is the tens digit of 200?
0
What is the hundreds digit of 5204?
2
What is the hundreds digit of 1188?
1
What is the hundreds digit of 18183?
1
What is the hundreds digit of 2936?
9
What is the units digit of 2178?
8
What is the hundreds digit of 2137?
1
What is the thousands digit of 18240?
8
What is the tens digit of 6683?
8
What is the units digit of 6661?
1
What is the hundreds digit of 880?
8
What is the units digit of 62?
2
What is the units digit of 834?
4
What is the thousands digit of 118532?
8
What is the thousands digit of 33121?
3
What is the tens digit of 656?
5
What is the hundreds digit of 873?
8
What is the thousands digit of 3996?
3
What is the thousands digit of 1475?
1
What is the hundreds digit of 470?
4
What is the thousands digit of 5030?
5
What is the units digit of 4172?
2
What is the hundreds digit of 7846?
8
What is the units digit of 14598?
8
What is the units digit of 325?
5
What is the thousands digit of 1355?
1
What is the tens digit of 966?
6
What is the thousands digit of 9607?
9
What is the units digit of 13269?
9
What is the hundreds digit of 20560?
5
What is the thousands digit of 7448?
7
What is the hundreds digit of 369?
3
What is the units digit of 16328?
8
What is the tens digit of 54099?
9
What is the hundreds digit of 9297?
2
What is the units digit of 750?
0
What is the units digit of 447?
7
What is the tens digit of 6402?
0
What is the ten thousands digit of 46134?
4
What is the hundreds digit of 13073?
0
What is the units digit of 822?
2
What is the tens digit of 334?
3
What is the hundreds digit of 31084?
0
What is the tens digit of 189?
8
What is the units digit of 2918?
8
What is the hundreds digit of 2470?
4
What is the tens digit of 36751?
5
What is the units digit of 2572?
2
What is the units digit of 4021?
1
What is the tens digit of 1627?
2
What is the tens digit of 8409?
0
What is the tens digit of 26089?
8
What is the tens digit of 12195?
9
What is the units digit of 998?
8
What is the units digit of 133?
3
What is the ten thousands digit of 19781?
1
What is the hundreds digit of 6205?
2
What is the units digit of 33608?
8
What is the hundreds digit of 6162?
1
What is the units digit of 1762?
2
What is the units digit of 52395?
5
What is the tens digit of 11901?
0
What is the thousands digit of 15171?
5
What is the thousands digit of 5812?
5
What is the thousands digit of 36368?
6
What is the units digit of 51385?
5
What is the tens digit of 68730?
3
What is the units digit of 253?
3
What is the units digit of 22114?
4
What is the units digit of 54620?
0
What is the hundred thousands digit of 101403?
1
What is the units digit of 60926?
6
What is the thousands digit of 99692?
9
What is the tens digit of 44414?
1
What is the ten thousands digit of 25666?
2
What is the hundreds digit of 653?
6
What is the hundreds digit of 106?
1
What is the units digit of 3275?
5
What is the units digit of 199?
9
What is the tens digit of 1801?
0
What is the ten thousands digit of 12378?
1
What is the tens digit of 189?
8
What is the units digit of 163?
3
What is the units digit of 367?
7
What is the hundreds digit of 1899?
8
What is the tens digit of 422?
2
What is the thousands digit of 51715?
1
What is the units digit of 5657?
7
What is the hundred thousands digit of 113666?
1
What is the thousands digit of 7277?
7
What is the thousands digit of 15872?
5
What is the thousands digit of 1171?
1
What is the units digit of 51285?
5
What is the units digit of 82258?
8
What is the hundreds digit of 115959?
9
What is the units digit of 58070?
0
What is the tens digit of 4311?
1
What is the hundreds digit of 12641?
6
What is the units digit of 2316?
6
What is the thousands digit of 26840?
6
What is the hundreds digit of 68483?
4
What is the tens digit of 1330?
3
What is the tens digit of 2615?
1
What is the tens digit of 478?
7
What is the hundreds digit of 246?
2
What is the ten thousands digit of 16677?
1
What is the units digit of 29170?
0
What is the units digit of 1043?
3
What is the thousands digit of 1838?
1
What is the thousands digit of 21643?
1
What is the ten thousands digit of 10768?
1
What is the hundreds digit of 7997?
9
What is the units digit of 9?
9
What is the tens digit of 3079?
7
What is the units digit of 790?
0
What is the tens digit of 2210?
1
What is the tens digit of 6329?
2
What is the units digit of 388?
8
What is the hundreds digit of 71642?
6
What is the thousands digit of 3047?
3
What is the units digit of 43019?
9
What is the units digit of 16100?
0
What is the units digit of 656?
6
What is the units digit of 9?
9
What is the units digit of 3956?
6
What is the units digit of 665?
5
What is the hundreds digit of 6421?
4
What is the hundreds digit of 2193?
1
What is the hundreds digit of 2602?
6
What is the tens digit of 527?
2
What is the tens digit of 2776?
7
What is the tens digit of 2577?
7
What is the hundreds digit of 152?
1
What is the hundreds digit of 1395?
3
What is the units digit of 801?
1
What is the units digit of 93710?
0
What is the units digit of 3931?
1
What is the tens digit of 53015?
1
What is the hundreds digit of 46168?
1
What is the tens digit of 19215?
1
What is the tens digit of 9644?
4
What is the tens digit of 52275?
7
What is the units digit of 14033?
3
What is the hundreds digit of 10173?
1
What is the hundreds digit of 7503?
5
What is the tens digit of 2447?
4
What is the units digit of 456?
6
What is the tens digit of 42273?
7
What is the ten thousands digit of 19869?
1
What is the thousands digit of 3335?
3
What is the hundreds digit of 50389?
3
What is the hundreds digit of 1248?
2
What is the thousands digit of 33049?
3
What is the units digit of 235?
5
What is the hundreds digit of 2967?
9
What is the units digit of 6580?
0
What is the tens digit of 460?
6
What is the hundreds digit of 45977?
9
What is the hundreds digit of 3222?
2
What is the tens digit of 314?
1
What is the tens digit of 17199?
9
What is the hundreds digit of 6574?
5
What is the ten thousands digit of 26797?
2
What is the hundreds digit of 747?
7
What is the hundreds digit of 3755?
7
What is the units digit of 429?
9
What is the thousands digit of 46455?
6
What is the hundreds digit of 26167?
1
What is the hundreds digit of 173?
1
What is the tens digit of 26632?
3
What is the tens digit of 839?
3
What is the hundreds digit of 1269?
2
What is the tens digit of 653?
5
What is the tens digit of 710?
1
What is the tens digit of 2313?
1
What is the units digit of 5819?
9
What is the hundreds digit of 1806?
8
What is the units digit of 118?
8
What is the units digit of 896?
6
What is the tens digit of 213?
1
What is the tens digit of 1343?
4
What is the tens digit of 2322?
2
What is the units digit of 4293?
3
What is the tens digit of 31445?
4
What is the ten thousands digit of 66013?
6
What is the tens digit of 15140?
4
What is the units digit of 12960?
0
